012
In base 14, what is -75a50a1 - 2?
-75a50a3
In base 10, what is -182759 + 1570?
-181189
In base 6, what is 11404 + -10012044?
-10000240
In base 3, what is 122212012220002 - -12?
122212012220021
In base 14, what is 37758 - -3?
3775b
In base 3, what is -211 - 2202101120?
-2202102101
In base 2, what is 101010001101011 + 10000010101100?
111010100010111
In base 12, what is 9414 + -13b21?
-6709
In base 16, what is -5853c5 + 2?
-5853c3
In base 2, what is 11111111101000000000001 + 11?
11111111101000000000100
In base 12, what is 5 + 518b506?
518b50b
In base 8, what is 60413 - -2113?
62526
In base 4, what is 3 - 30120233321?
-30120233312
In base 2, what is 100111011000 + -100011110?
100010111010
In base 14, what is -1c - 104492?
-1044b0
In base 11, what is -257 - 310078?
-310324
In base 14, what is -14ba18 + -8c?
-14baa6
In base 4, what is -113100 - -3200301?
3021201
In base 14, what is 4d5 - ad9d?
-a8a8
In base 6, what is 10 - 45311305?
-45311255
In base 3, what is 12211210 - 11212111?
222022
In base 7, what is 544 - 55433?
-54556
In base 5, what is 0 - -1113210333?
1113210333
In base 14, what is -109547 + -100?
-109647
In base 12, what is 100 - -424251?
424351
In base 5, what is 2223 - 11303444?
-11301221
In base 2, what is 111011010001101 - -11100000001?
111110110001110
In base 3, what is -2 - 2102222202021001?
-2102222202021010
In base 14, what is -c + -25c266?
-25c274
In base 5, what is 2000034034 - 0?
2000034034
In base 4, what is 1100032032111 - -22?
1100032032133
In base 7, what is -43 - -36033035?
36032662
In base 2, what is 101 - 101111011111101100010111?
-101111011111101100010010
In base 10, what is 46572922 + -4?
46572918
In base 4, what is 2 + -33100323111?
-33100323103
In base 14, what is -7 + 9687c34?
9687c2b
In base 4, what is 101022 + -2120010?
-2012322
In base 12, what is -a796 - -236?
-a560
In base 12, what is -2 - b325a8?
-b325aa
In base 8, what is -5260727 - 6?
-5260735
In base 8, what is 5 + -7701764?
-7701757
In base 7, what is -65 - -131664450?
131664352
In base 3, what is -11212201222 - 112200?
-11220021122
In base 8, what is 7 - -7745611?
7745620
In base 5, what is 2223 + -2242331?
-2240103
In base 4, what is -12201 - 203202130?
-203220331
In base 3, what is 110 + -1112112211022021?
-1112112211021211
In base 4, what is -2000 + 13332031?
13330031
In base 10, what is 3 + -3186173?
-3186170
In base 2, what is -1001110101111110010001110010 + 1?
-1001110101111110010001110001
In base 3, what is -101012 + -12112212112?
-12120020201
In base 4, what is 1021 - 101300031?
-101233010
In base 4, what is -1030301220021 + 11?
-1030301220010
In base 12, what is -17b86621 + -3?
-17b86624
In base 15, what is -37ca3b + -3?
-37ca3e
In base 7, what is -5015 - 10046653?
-10055001
In base 16, what is 5 - 985ccb?
-985cc6
In base 7, what is 26306 - -2334?
31643
In base 5, what is 313 + -342131442?
-342131124
In base 10, what is -146 + 822193?
822047
In base 6, what is -2 - 414351210?
-414351212
In base 9, what is -108201 + -1813?
-111114
In base 15, what is -33531 - -68?
-334b8
In base 12, what is -40b5b9 - 8?
-40b605
In base 15, what is -2b057e2 - 3?
-2b057e5
In base 8, what is 61545 - -22064?
103631
In base 4, what is -11 - -30211233131?
30211233120
In base 11, what is 74565 + -52?
74513
In base 3, what is -1102101010 + -111021012?
-1220122022
In base 16, what is -4 - 139b7a?
-139b7e
In base 12, what is -b7b5a90 + 11?
-b7b5a7b
In base 4, what is 1013012100 - -1201?
1013013301
In base 6, what is 504134332 - 0?
504134332
In base 14, what is -4 - -5769c16?
5769c12
In base 14, what is -10 + -1a4c19?
-1a4c29
In base 12, what is -26438 + -254?
-26690
In base 2, what is 101101001 - -1001111100000011000?
1001111100110000001
In base 8, what is 113073 + 210?
113303
In base 2, what is -111101100001100110 + 101111001011?
-111100110010011011
In base 6, what is 4130354 + -1041?
4125313
In base 14, what is -1 - -b57d4?
b57d3
In base 15, what is 97 - -72a72?
72b19
In base 13, what is 5 + 11492627?
1149262c
In base 7, what is -5 + 14642156?
14642151
In base 6, what is -1122120 + 142?
-1121534
In base 4, what is -303233 - -210131322?
203222023
In base 4, what is -10303032021 - 30?
-10303032111
In base 7, what is 56351544 - -1?
56351545
In base 10, what is -3 - 2414280?
-2414283
In base 9, what is 125 + 141100?
141225
In base 2, what is -1100000111111101110001 + 110101?
-1100000111111100111100
In base 12, what is -a12bab9 - 1?
-a12baba
In base 10, what is 2417 + -53039?
-50622
In base 13, what is -7a3ca2 - -1?
-7a3ca1
In base 6, what is -13014 - -4510040?
4453022
In base 14, what is -2c9b - a47?
-3904
In base 12, what is -1 + 211195?
211194
In base 13, what is -34ba3 + 9a8?
-341c8
In base 13, what is -12 - 36a4b5?
-36a4c7
In base 5, what is -211120213011 - 3?
-211120213014
In base 10, what is -572582 + 11?
-572571
In base 4, what is -130021 + 320103?
130022
In base 14, what is -6779b9 + 11?
-6779a8
In base 15, what is -1d4b747d + -4?
-1d4b7482
In base 11, what is -15122 - -161?
-14a71
In base 2, what is -111001 - -1000100101010111110?
1000100101010000101
In base 9, what is -450037 + -50?
-450087
In base 13, what is -4c4 - -592c?
5438
In base 2, what is 1 - 101101010000010101?
-101101010000010100
In base 3, what is -1122010102002112 - 11?
-1122010102002200
In base 2, what is 100000001101001011001111 - -11?
100000001101001011010010
In base 15, what is -534 + -9154?
-9688
In base 15, what is -10 + 2838206?
28381e6
In base 11, what is 21377037 + 5?
21377041
In base 2, what is -10001010100001011111100 + -101?
-10001010100001100000001
In base 15, what is -499a5 + 3e?
-49966
In base 14, what is 3 - a45571?
-a4556c
In base 16, what is 10 + -19aec5?
-19aeb5
In base 4, what is -1213 - 22232333030?
-22233000303
In base 6, what is 205 + 35411523?
35412132
In base 16, what is 202fe - -19?
20317
In base 10, what is 4472 + -500?
3972
In base 7, what is 524 + 235154?
236011
In base 4, what is -12 - -1013123013022?
1013123013010
In base 6, what is -23114155133 - -3?
-23114155130
In base 10, what is 35 - 140030?
-139995
In base 8, what is 143206057 - 3?
143206054
In base 15, what is 3 - 7031d6?
-7031d3
In base 10, what is -3 - 127355416?
-127355419
In base 12, what is 1342 - -1005ab?
101931
In base 8, what is -11314552 + -52?
-11314624
In base 10, what is 54 - -785750?
785804
In base 14, what is a82db30 + 2?
a82db32
In base 7, what is 3 - -14262132?
14262135
In base 5, what is 4 - -1433003441?
1433004000
In base 8, what is -5 + -6662716?
-6662723
In base 6, what is 4023044 - -1125?
4024213
In base 3, what is -20212222101002002 + -2?
-20212222101002011
In base 10, what is -5980189 + -4?
-5980193
In base 3, what is 10012122020021020 + -11?
10012122020021002
In base 12, what is 121a5a8 + 3?
121a5ab
In base 2, what is -110101 + -1110010011111010111?
-1110010100000001100
In base 6, what is -411314235 + 0?
-411314235
In base 12, what is 34683 - 1b34?
3274b
In base 4, what is -103 - -23311030032?
23311023323
In base 4, what is -12311001301 + -100?
-12311002001
In base 4, what is -322222111011 + -1?
-322222111012
In base 9, what is -14 - 6662671?
-6662685
In base 2, what is 1111000111101 - 10001000010?
1100111111011
In base 11, what is 114564 + -1840?
112824
In base 13, what is -98cc330 + 0?
-98cc330
In base 3, what is 10202001122 + 20011?
10202021210
In base 10, what is 51 + 247247?
247298
In base 12, what is 34 + 1a045a4?
1a04618
In base 9, what is -1238512 + 351?
-1238151
In base 15, what is -1c + 1b24e0?
1b24c3
In base 7, what is 14 + -1522510?
-1522463
In base 12, what is -8414 - -1a24?
-65b0
In base 5, what is -2400213421 - -2?
-2400213414
In base 4, what is 1 - -302112033312?
302112033313
In base 5, what is -11011 - 11041324?
-11102340
In base 9, what is 3 + -22770171?
-22770167
In base 4, what is -10220 - 13221003?
-13231223
In base 3, what is 110 + 2001012010012?
2001012010122
In base 6, what is 110223312420 - -4?
110223312424
In base 15, what is a35 - 218a4?
-20d6e
In base 16, what is 28477 - 9?
2846e
In base 12, what is 13414 + -27259?
-13a45
In base 10, what is -23413 - 339?
-23752
In base 8, what is -1601241014 - 5?
-1601241021
In base 16, what is 3bbee + -37?
3bbb7
In base 6, what is 5 + 441523452?
441523501
In base 13, what is -9 + -24c76c8?
-24c7704
In base 11, what is 3